{"id":5331,"date":"2024-03-11T11:07:47","date_gmt":"2024-03-11T04:07:47","guid":{"rendered":"https:\/\/skg.vn\/?post_type=product&#038;p=5331"},"modified":"2024-03-11T11:26:57","modified_gmt":"2024-03-11T04:26:57","slug":"htc-vive-ce","status":"publish","type":"product","link":"https:\/\/skg.vn\/?product=htc-vive-ce","title":{"rendered":"HTC Vive CE"},"content":{"rendered":"<h1 class=\"block_cen_tit\">HTC Vive CE<\/h1>\n<div class=\"ct_tomtat\">Tr\u1ecdn b\u1ed9 s\u1ea3n ph\u1ea9m HTC Vive CE bao g\u1ed3m:<br \/>\n\u2611 1 x HTC Vive Headset.<br \/>\n\u2611 2 x HTC Controller.<br \/>\n\u2611 2 x Base Station (+ 2 ngu\u1ed3n).<br \/>\n\u2611 1 x Link Box (+1 ngu\u1ed3n).<br \/>\n\u2611 1 x Tai nghe in-ear.<br \/>\n\u2611 2 x S\u1ea1c pin controller (+ 2 c\u00e1p micro USB)<br \/>\n\u2611 2 x Dock g\u1eafn t\u01b0\u1eddng + V\u00edt (D\u00f9ng \u0111\u1ec3 treo Base station v\u00e0o t\u01b0\u1eddng)<br \/>\n\u2611 Mi\u1ebfng v\u1ea3i lau v\u1ec7 sinh.<br \/>\n\u2611 S\u00e1ch h\u01b0\u1edbng d\u1eabn s\u1eed d\u1ee5ng<\/div>\n","protected":false},"excerpt":{"rendered":"<p>HTC Vive CE Tr\u1ecdn b\u1ed9 s\u1ea3n ph\u1ea9m HTC Vive CE bao g\u1ed3m: \u2611 1 x HTC Vive Headset. \u2611 2 x HTC Controller. \u2611 2 x Base Station (+ 2 ngu\u1ed3n). \u2611 1 x Link Box (+1 ngu\u1ed3n). \u2611 1 x Tai nghe in-ear. \u2611 2 x S\u1ea1c pin controller (+ 2 c\u00e1p micro USB) [&hellip;]<\/p>\n","protected":false},"featured_media":5332,"comment_status":"open","ping_status":"closed","template":"","meta":[],"product_cat":[30],"product_tag":[],"class_list":{"0":"post-5331","1":"product","2":"type-product","3":"status-publish","4":"has-post-thumbnail","6":"product_cat-kinh-thuc-te-ao-vr-ar","8":"first","9":"instock","10":"shipping-taxable","11":"purchasable","12":"product-type-simple"},"_links":{"self":[{"href":"https:\/\/skg.vn\/index.php?rest_route=\/wp\/v2\/product\/5331","targetHints":{"allow":["GET"]}}],"collection":[{"href":"https:\/\/skg.vn\/index.php?rest_route=\/wp\/v2\/product"}],"about":[{"href":"https:\/\/skg.vn\/index.php?rest_route=\/wp\/v2\/types\/product"}],"replies":[{"embeddable":true,"href":"https:\/\/skg.vn\/index.php?rest_route=%2Fwp%2Fv2%2Fcomments&post=5331"}],"version-history":[{"count":0,"href":"https:\/\/skg.vn\/index.php?rest_route=\/wp\/v2\/product\/5331\/revisions"}],"wp:featuredmedia":[{"embeddable":true,"href":"https:\/\/skg.vn\/index.php?rest_route=\/wp\/v2\/media\/5332"}],"wp:attachment":[{"href":"https:\/\/skg.vn\/index.php?rest_route=%2Fwp%2Fv2%2Fmedia&parent=5331"}],"wp:term":[{"taxonomy":"product_cat","embeddable":true,"href":"https:\/\/skg.vn\/index.php?rest_route=%2Fwp%2Fv2%2Fproduct_cat&post=5331"},{"taxonomy":"product_tag","embeddable":true,"href":"https:\/\/skg.vn\/index.php?rest_route=%2Fwp%2Fv2%2Fproduct_tag&post=5331"}],"curies":[{"name":"wp","href":"https:\/\/api.w.org\/{rel}","templated":true}]}}