{"id":2433,"date":"2021-08-25T03:56:16","date_gmt":"2021-08-25T03:56:16","guid":{"rendered":"https:\/\/kuteshop.kutethemes.net\/?post_type=product&#038;p=2433"},"modified":"2025-08-29T02:44:54","modified_gmt":"2025-08-28T19:44:54","slug":"womens-dressy-vegan","status":"publish","type":"product","link":"https:\/\/skg.vn\/?product=womens-dressy-vegan","title":{"rendered":"BOBOVR M3 Pro Strap"},"content":{"rendered":"<h1 class=\"block_cen_tit\">BOBOVR M3 Pro Strap c\u00e2n b\u1eb1ng l\u1ef1c k\u00e8m Pin s\u1ea1c cho Meta Quest 3<\/h1>\n<div class=\"ct_tomtat\">BOBOVR M3 PRO Strap K\u00e8m Pin Cho Meta Quest 3<br \/>\n\u2611 K\u00e8m Pin, t\u0103ng th\u00eam th\u1eddi gian ch\u01a1i l\u00ean t\u1edbi 1.5 gi\u1edd<br \/>\n\u2611 Thi\u1ebft k\u1ebf d\u00e0nh ri\u00eang cho Meta Quest 3<br \/>\n\u2611 C\u00e2n b\u1eb1ng l\u1ef1c ch\u1ed1ng x\u1ec7 k\u00ednh &amp; m\u1ecfi c\u1ed5<br \/>\n\u2611 T\u0103ng c\u01b0\u1eddng s\u1ef1 ch\u1eafc ch\u1eafn khi tr\u1ea3i nghi\u1ec7m<br \/>\n\u2611 Ch\u1ea5t l\u01b0\u1ee3ng t\u1ed1t h\u01a1n Elite Strap ch\u00ednh h\u00e3ng<br \/>\n\u2611 B\u1ea3o h\u00e0nh 12 th\u00e1ng b\u1ed9 khung, 03 th\u00e1ng Pin<\/div>\n","protected":false},"excerpt":{"rendered":"<h1 class=\"block_cen_tit\">Quest 3<\/h1>\n<div class=\"ct_tomtat\">BOBOVR M3 PRO Strap K\u00e8m Pin Cho Meta Quest 3<br \/>\n\u2611 K\u00e8m Pin, t\u0103ng th\u00eam th\u1eddi gian ch\u01a1i l\u00ean t\u1edbi 1.5 gi\u1edd<br \/>\n\u2611 Thi\u1ebft k\u1ebf d\u00e0nh ri\u00eang cho Meta Quest 3<br \/>\n\u2611 C\u00e2n b\u1eb1ng l\u1ef1c ch\u1ed1ng x\u1ec7 k\u00ednh &amp; m\u1ecfi c\u1ed5<br \/>\n\u2611 T\u0103ng c\u01b0\u1eddng s\u1ef1 ch\u1eafc ch\u1eafn khi tr\u1ea3i nghi\u1ec7m<br \/>\n\u2611 Ch\u1ea5t l\u01b0\u1ee3ng t\u1ed1t h\u01a1n Elite Strap ch\u00ednh h\u00e3ng<br \/>\n\u2611 B\u1ea3o h\u00e0nh 12 th\u00e1ng b\u1ed9 khung, 03 th\u00e1ng Pin<\/div>\n","protected":false},"featured_media":5260,"comment_status":"open","ping_status":"closed","template":"","meta":[],"product_cat":[30,201],"product_tag":[312],"class_list":{"0":"post-2433","1":"product","2":"type-product","3":"status-publish","4":"has-post-thumbnail","6":"product_cat-kinh-thuc-te-ao-vr-ar","7":"product_cat-phu-kien","8":"product_tag-market","9":"product_brand-chanel","10":"product_brand-meta-quest-3","12":"first","13":"instock","14":"shipping-taxable","15":"purchasable","16":"product-type-simple"},"_links":{"self":[{"href":"https:\/\/skg.vn\/index.php?rest_route=\/wp\/v2\/product\/2433","targetHints":{"allow":["GET"]}}],"collection":[{"href":"https:\/\/skg.vn\/index.php?rest_route=\/wp\/v2\/product"}],"about":[{"href":"https:\/\/skg.vn\/index.php?rest_route=\/wp\/v2\/types\/product"}],"replies":[{"embeddable":true,"href":"https:\/\/skg.vn\/index.php?rest_route=%2Fwp%2Fv2%2Fcomments&post=2433"}],"version-history":[{"count":0,"href":"https:\/\/skg.vn\/index.php?rest_route=\/wp\/v2\/product\/2433\/revisions"}],"wp:featuredmedia":[{"embeddable":true,"href":"https:\/\/skg.vn\/index.php?rest_route=\/wp\/v2\/media\/5260"}],"wp:attachment":[{"href":"https:\/\/skg.vn\/index.php?rest_route=%2Fwp%2Fv2%2Fmedia&parent=2433"}],"wp:term":[{"taxonomy":"product_cat","embeddable":true,"href":"https:\/\/skg.vn\/index.php?rest_route=%2Fwp%2Fv2%2Fproduct_cat&post=2433"},{"taxonomy":"product_tag","embeddable":true,"href":"https:\/\/skg.vn\/index.php?rest_route=%2Fwp%2Fv2%2Fproduct_tag&post=2433"}],"curies":[{"name":"wp","href":"https:\/\/api.w.org\/{rel}","templated":true}]}}